07. What are the prime factors of a?
2, 3
What are the prime factors of 1*6946 + 36/(-72)*-16?
2, 3, 19, 61
Let g = -59664 - -92838. What are the prime factors of g?
2, 3, 19, 97
Let l(z) = 35*z**2 - 3*z - 501. List the prime factors of l(16).
13, 647
Let q = 19604 + -10561. What are the prime factors of q?
9043
Suppose -a - 52 = -54. Suppose 19 = -a*v + 45. What are the prime factors of v?
13
Let v(g) = g**3 - 6*g**2 - 34*g. Let n be v(14). What are the prime factors of 195*(n/(-9))/(-14)?
2, 5, 13
Suppose 0 = -13*d - d + 14560. Suppose -4*n = -0*n + 4*b - d, 2*b = 2*n - 508. List the prime factors of n.
257
Suppose 11*d - 640 = 8*d + 5*y, 892 = 4*d + 3*y. Let u = 1 + d. List the prime factors of u.
13, 17
Let f be 2 - -4*((-4 - -4) + 114). Let q = f + -192. What are the prime factors of q?
2, 7, 19
Let x(p) = -679*p + 1409. What are the prime factors of x(-27)?
2, 9871
List the prime factors of (-4)/(312/(-262847)) - (-3)/18.
2, 5, 337
Let t be ((-23)/(644/(-408)))/((-1)/(-14)). Suppose 0 = -f + 372 + t. What are the prime factors of f?
2, 3
Suppose -1049 - 2364 = -r + 2495. List the prime factors of r.
2, 7, 211
Let n be ((-1218)/(-56))/(3/28). Suppose 17 = -4*f - n. Let b = f - -110. List the prime factors of b.
5, 11
Let t(r) = 17*r + 282. Let v = -925 + 959. What are the prime factors of t(v)?
2, 5, 43
Let l(y) = -35 + 6*y**2 - 24*y**2 + 12*y**2 + 25*y + 7*y**2. List the prime factors of l(13).
3, 17
Let q be -107*(1/(4/4) - 2). Let b = -102 + q. What are the prime factors of (-2)/(b/1110*-3)?
2, 37
Suppose 867*l - 1362168 = 843*l. List the prime factors of l.
3, 18919
Let c(g) = -1425*g + 7189. List the prime factors of c(-9).
2, 10007
Suppose -8 = -2*l + 2. Suppose 0 = -2*f + l*u + 568, 0 = -3*f - 2*u + 5*u + 870. List the prime factors of f.
2, 3, 7
Suppose -2*x = v - 9163, 5*v - 37670 = 4*x + 8201. List the prime factors of v.
3, 1019
Let l be (-9 + 0)*(-7)/(-3). Let b(g) = 2*g**2 - 18*g + 6. Let t be b(9). List the prime factors of (-2238)/(-42) + t/l.
53
Let q = -26 + 31. Suppose -q*t + 4*x + 4752 = -345, -4080 = -4*t + 2*x. List the prime factors of t.
1021
Let r(q) = -q**3 + 11*q**2 - 6*q + 16. Let x = -484 + 479. List the prime factors of r(x).
2, 223
Let v = -3859 - -9806. List the prime factors of v.
19, 313
Let m = 360 - 359. List the prime factors of m*306 + 8 + -13.
7, 43
Suppose -73 - 182 = 17*r. List the prime factors of 2/(1257/(-3798) + r/(-45)).
2, 211
Let l = -1378 + -14967. List the prime factors of 8/(-6) - l/21.
3, 7, 37
Let j be 1 - ((-60)/5 - 2). Suppose 882 = j*u - 6093. What are the prime factors of u?
3, 5, 31
Let b = 9235 - 461. What are the prime factors of b?
2, 41, 107
Suppose -g = -5*g - k + 22, 5*g + 2*k - 29 = 0. Suppose -15 = g*h, 0 = 4*d - h + 2*h + 27. What are the prime factors of 8/(-14) - (2380/(-49) - d)?
2, 3, 7
Let y(t) = 4*t**3 - 2*t**2 + 2. Let x be y(2). Suppose -x*j + 10602 + 41866 = 0. List the prime factors of j.
2, 1009
Let g(r) = -12*r - 54. Let v(t) = 7*t + 4. Let x be v(-2). List the prime factors of g(x).
2, 3, 11
Suppose 2*j = -4*t - 8, -3*j - 3 + 1 = t. Let g(u) be the second derivative of -u**3 + 2*u**2 - 60*u. What are the prime factors of g(t)?
2
Let b = 24 + -24. Suppose l + 1 = -f, l - 24 = -b*f + 4*f. What are the prime factors of ((-8)/(-6))/(l/6)?
2
Let o be 6/(-2 + (-2023)/(-1015)). Let t = o - -1545. List the prime factors of t.
3, 5
Suppose -i = -5*c + 230028, -5*c + 20*i - 12*i + 230084 = 0. What are the prime factors of c?
2, 7, 31, 53
Suppose 0 = -12*o + 200 + 28. Suppose 4*m + 5 = -m, o = 3*u - 4*m. Suppose -2*n + 458 = g + 2*g, 2*n - 442 = u*g. What are the prime factors of n?
2, 113
Suppose 0 = 5*i + 5*o + 5325, 9*i - 7*i = 5*o - 2130. Let n = i + 1598. What are the prime factors of n?
13, 41
Suppose 0 = r - 2*x - 47, 0*r = -3*r + 5*x + 140. What are the prime factors of r?
3, 5
Let o = -1275 + 3289. Let g = -987 + o. List the prime factors of g.
13, 79
List the prime factors of ((-1231050)/20 - -3)*((-70)/15 + 4).
37, 1109
What are the prime factors of (7/1 - 410682/(-12)) + (-12)/(-8)?
2, 11, 389
Let p = 6 - 7. What are the prime factors of 334/1 + 3 - p?
2, 13
Let o be 16/40 + (-5)/((-25)/818). Suppose 4*s - o = 16. List the prime factors of 120/s*366/8.
2, 61
Let s(y) = -y**3 + 6*y**2 + 2*y + 57. Suppose -3*f + f = -2*p + 6, -5*p = -2*f - 6. List the prime factors of s(p).
3, 19
Let m be -5 + (-3)/3 - -29. Let y = m + 446. What are the prime factors of y?
7, 67
Let k(l) be the first derivative of 7*l**3 - 49*l**2/2 - 8*l + 17. What are the prime factors of k(7)?
2, 3, 113
Let z = 50843 - 23654. What are the prime factors of z?
3, 19, 53
Let x = -60 - -64. Let u(v) = 6*v - x*v - 8*v - 10*v + 8 + v**2. What are the prime factors of u(18)?
2, 11
Let q = -788 + 1940. Suppose -42*v = -54*v + q. What are the prime factors of v?
2, 3
Let y(r) = -r**2 - 5*r + 8. Let i be y(-6). Suppose i*j + 2 = 2*x + 30, 4*j - 50 = x. List the prime factors of ((j/9)/4)/((-1)/(-249)).
83
Suppose -110*r + 237941 = 294744 - 1371413. List the prime factors of r.
17, 19, 37
Let g be 2 + -3 + (3 - (-2 - -3)). Let r(j) = -3*j - 1 + 4 + 3 + g. List the prime factors of r(-2).
13
Suppose 2*t - 2*j - 35928 = 0, 49994 = 5*t + 5*j - 39756. List the prime factors of t.
17957
Let c be (83 + -4)/((-1)/(-5)). Suppose -w + 2*w = -a - c, 3*a - 395 = w. What are the prime factors of -3*w/15 + -1?
2, 3, 13
Let t(s) = 9*s + 4079. What are the prime factors of t(-30)?
13, 293
Let a(n) = 819*n**3 + 5*n**2 - 21*n + 30. What are the prime factors of a(2)?
2, 5, 41
Let d = 33 + -33. Suppose -11*l + 1691 + 322 = d. List the prime factors of l.
3, 61
Suppose -8*z + 22 = 3*z. Suppose -4 + 1999 = z*m + 3*g, 0 = -g + 1. List the prime factors of m.
2, 3, 83
Suppose -10010 = 142*l - 149*l. List the prime factors of l.
2, 5, 11, 13
Let i be 2 + 50 + (3 - 0). Let p = i + 148. What are the prime factors of p?
7, 29
Let y be (-1 - -17)/4 + -2 + 2. Suppose -5*w - 835 = -5*r, -2*w = -y*r + 104 + 558. What are the prime factors of r?
2, 41
Let h = 22 - -6. Suppose -3*t - h = -4*t. Let i = t - -102. List the prime factors of i.
2, 5, 13
List the prime factors of (48631/22)/((-21)/(-42)).
4421
Let b be 106190/(-45) + 6/(-27). What are the prime factors of -1 + 10*(6 + b/(-25))?
17, 59
List the prime factors of 18295/1 - (4/(-6))/((-22)/(-231)).
2, 9151
Let v = 98801 + -13834. List the prime factors of v.
84967
Let h(j) = j**3 - j**2 + 3*j - 1. Let m be h(0). Let q be (7/7)/((-90)/(-92) + m). Let d = q + 117. What are the prime factors of d?
71
Let z = 28 + 5. Suppose z*f - 28 = 31*f. Suppose 5*a = -2*a + f. What are the prime factors of a?
2
Let w = 11927 - 4697. What are the prime factors of w?
2, 3, 5, 241
What are the prime factors of ((-15)/(-6) + 3)/((-4042)/(-2020) + -2)?
5, 11, 101
Let z be (-3)/(54/24)*(-345)/2. Suppose 3*u - z = 142. What are the prime factors of u?
2, 31
Let c(y) be the second derivative of y**3 - 4*y**2 + 8*y. Let f be c(2). List the prime factors of f*(-21)/56*(-428)/6.
107
List the prime factors of (220/15)/(94/267759).
2, 3, 11, 211
Suppose 334 = 2*o - 754. Suppose 5*c - o = -z, z + 5*c - 4*c = 552. List the prime factors of z.
2, 277
Suppose -10*s = -12*s + 1018. Suppose -l = l + 3*y - s, -267 = -l - 4*y. List the prime factors of l.
13, 19
Let j(x) = x**3 - 5*x**2 - 4*x - 7. Let m be j(6). Suppose 5*v - 6 = 3*n + 13, -m*v + 33 = 4*n. Suppose v*p = -0*p + 595. List the prime factors of p.
7, 17
Suppose 6020 = 28*z - 18*z. Suppose -1460 + z = -3*j. List the prime factors of j.
2, 11, 13
Let x(t) = 64*t**2 + 13*t - 7. Suppose 44*w = 46*w - 6. What are the prime factors of x(w)?
2, 19
Let s(p) = -80*p - 25. Let w be s(-20). Let m = -640 + w. What are the prime factors of m?
5, 11, 17
What are the prime factors of 42/(-8)*1131072/(-774)?
2, 7, 137
Suppose 6*b = -22881 - 180903. What are the prime factors of 8/(-20) - b/35?
2, 5, 97
Let w(l) = -3*l + 10. Let c be w(-7). Let p be (-24)/(-132) - c/(-11). Suppose -2 = p*a + 13, 2*a = 5*d - 100. List the prime factors of d.
2, 3
Let m(l) = 16068*l + 261. Let u be m(-19). What are the prime factors of 1/((-4)/5) - u/204?
2, 3, 83
What are the prime factors of 69/(-46)*22532/(-6)*2 - -4?
2, 5, 7, 23
Suppose 0 = -2*o - 5*b + 12, -4*b = 2*o - b - 20.